j - j - 9, 3*j - 5*i + 25 = 0. Let a(z) = -z**3 - 11*z**2 - 16*z - 23. Is a(j) a composite number?
False
Let o(d) = -163*d - 44*d + 28*d. Suppose 3*w + 10 = -5. Is o(w) a composite number?
True
Let w = -701 - -2970. Is w a composite number?
False
Suppose c = 5*w + 3, 7*c - 3*c = -4*w + 12. Suppose -2*y = -w*y, 0 = -t - 5*y + 953. Is t prime?
True
Suppose 0 = 2*f + 28*j - 26*j - 171852, f - 85921 = -2*j. Is f prime?
True
Let n(c) = 852*c + 67. Is n(5) a composite number?
False
Suppose 3*c + 5 = 4*d - 18, d = 5*c + 10. Is 4 + -1 + (-378)/c prime?
False
Suppose -289 = -w + 402. Is w a composite number?
False
Let b be 3/((4 - 0) + -3). Suppose 0*q + q = t - 4, -t = -2*q - 3. Suppose t*u = -2*z - 20 + 833, 4*u - 656 = -b*z. Is u a composite number?
True
Suppose 0 = -4*o - w + 93057, -5*o + 42*w + 116310 = 41*w. Is o prime?
False
Let q be (-34)/187 + 4/(-11)*-6. Is (3/q)/((-24)/(-10256)) composite?
False
Let o(r) = r**2 - 1. Suppose -1 = -2*l - 5. Let i be o(l). Suppose -546 = -2*n + 4*z, -i*n - z + 774 = 2*z. Is n composite?
False
Let c be (-30)/(-4) + (-2)/4. Suppose c*z - 441 = 4*z. Is z/(3 + -2) + 2 a prime number?
True
Let m be (0 + -2)/((-10)/(-40)). Let w(z) = 3*z**2 + 2*z + 17. Let s be w(m). Let c = -80 + s. Is c a prime number?
True
Let v be (24/18)/((-1)/(-3)). Suppose -g + v*g - 429 = 0. Is g a composite number?
True
Suppose 0 = -s + 2*v + 24613, 2*v = -2*s - 2*s + 98442. Is s prime?
True
Is 2441 - 2/(1 + 4/(-8)) a prime number?
True
Let z(x) = -x**2 - 14*x + 12. Let r be z(-14). Let s be -436*r/(-8) + -3. Suppose -5*u + 151 = t, -s = -3*t - 2*t + u. Is t a composite number?
False
Let b = -71 - -77. Suppose 2*m - b*m = -12812. Is m prime?
True
Is ((-3)/(-3))/(1/5367) a prime number?
False
Let y be (-1 - -2)*-3*-11. Let v(z) = y*z - 15*z - 10*z + 4*z**2 - 7 - 16*z. Is v(-6) prime?
False
Suppose -856 = -o - 2*s, o = -0*o + 3*s + 846. Let x be 2*1 - 0/2. Suppose -o = x*g - 6*g. Is g a prime number?
False
Suppose 2*g + 210 = 4*j, -4*g + 3*g = -3*j + 158. Is j a prime number?
True
Let q(g) = 3*g**2 + 19*g - 4. Let o be q(8). Let f = o + -135. Is f composite?
True
Let x be (18/4)/(2/4). Let j(t) be the first derivative of 2*t**3 - 2*t**2 - t + 202. Is j(x) a prime number?
True
Let a be 8/(-6)*6846/(-28). Is (a/4)/((-3)/(-6)) composite?
False
Let i(g) = -4*g**3 - 4*g**2 + 11*g + 4. Let q be i(5). Let n = 0 - q. Is n a prime number?
True
Let r(a) = -7*a**3 - 4*a**2 - 8*a - 3. Suppose v - 1 = -p, -3 = 5*v + 4*p - 5. Is r(v) prime?
True
Let s = 766 + 319. Let p = s - 316. Is p a prime number?
True
Let z(u) = -4*u + 24. Let b be z(-7). Let m = 80 - b. Is m/(-8)*(-1 + -61) prime?
False
Let o = 37 - 46. Let q = o + 13. Let m(v) = 2*v**2 - 5*v + 1. Is m(q) prime?
True
Suppose 5*p - 3298 = 1977. Suppose p - 116 = 3*q. Suppose q = 4*a - x, 19 + 124 = 2*a - 5*x. Is a composite?
False
Suppose -3*b = -5*k + 227630, -1435 = 5*k + 3*b - 229035. Is k composite?
False
Suppose 215*a - 211*a - 764 = 0. Is a a prime number?
True
Let s(b) = 43*b**2 + 8*b - 43. Let u be s(12). Suppose -3*z + 24 = 3*f - 12, -41 = -3*z - 4*f. Suppose 2*t + u = z*t. Is t a composite number?
False
Suppose 0*p + 9725 = 5*q + 5*p, 5*p = 10. Is q a prime number?
False
Let v(m) = -m**3 + m**2 - 1. Let y be v(-1). Let w be (0 - 4)*(-36)/y. Suppose o + 5 - w = 0. Is o a prime number?
True
Let w(k) = 35*k**2 - 2*k + 13. Is w(4) prime?
False
Suppose -43*n = -1081189 - 538965. Is n prime?
False
Let u(g) be the second derivative of -3*g**5/4 - 5*g**4/12 - 7*g**3/6 - 13*g**2/2 + 17*g. Is u(-4) composite?
True
Is 3 + (1 - -5)/2 + 12473 prime?
True
Let t be (2 + -7)*(-1)/5. Suppose -t = -0*x + x. Is 7/((-2)/38*x) a composite number?
True
Suppose h - 3*a - 2*a + 1304 = 0, 5*h + 6440 = 5*a. Let s = -1817 - h. Let u = s + 928. Is u composite?
True
Let x = 12 + -10. Let s = x - 4. Is 4158/49 + s/(-14) composite?
True
Let b(g) = -2*g + 2*g**3 + 41 + 62 + 3*g. Is b(0) prime?
True
Let l be -1*1/4*(24 + -20). Is 1/(l/3) - -632 prime?
False
Let w = 28 - 25. Suppose 4*d - 331 = w*d. Is d composite?
False
Suppose -5*c + 30143 = 2*u, 2*c + 2*c - 24120 = -3*u. Let f = 8510 - c. Is f a composite number?
True
Let g = 141 - 104. Is g a prime number?
True
Let z(f) = 2*f - 3*f**3 + 5*f**3 - 4*f**2 + 6*f**2 + f - 8. Is z(5) prime?
True
Suppose 2*y + 2*w = 5*y - 13191, 0 = y + 5*w - 4397. Is y a prime number?
True
Is 82*(-678)/(-12)*1 prime?
False
Suppose -2*m + 5*w - 2246 = 0, 3*m - 2*w = -1503 - 1855. Let y = -331 - m. Is y prime?
True
Let y = -6284 - -25455. Is y composite?
True
Let z = -129 - -1768. Suppose -3*l = -2*i - 4*l + 3272, -i + l = -z. Is i prime?
True
Suppose 0 = -80*s + 79*s - 5. Is (s/(-15))/(5/5970) prime?
False
Let o(g) = -g**3 + 19*g**2 + 20*g - 8. Let x be o(20). Let r(u) = -u**3 + 3*u**2 - 12*u - 19. Is r(x) composite?
True
Is 25815/10*(0 - (-10)/15) a composite number?
False
Let i(o) = -o**2 + 3. Let g be i(0). Suppose -5*m - 2*q + 1035 = -634, 5*m = g*q + 1684. Is m a prime number?
False
Suppose 0 = 6*f + 5803 - 15745. Is f a prime number?
True
Suppose 0 = -13*h + 5*h + 23704. Is h prime?
True
Let a(m) = m**2 + 2*m - 1. Let l be a(5). Let g = 201 + l. Suppose -j - 3*p = -58, -g = -5*j - p - 15. Is j prime?
True
Suppose 52*d + 32630 = 62*d. Is d a composite number?
True
Suppose 205786 = 2*b - 3*q, 13*q - 17*q = 0. Is b prime?
False
Suppose 0 = -2*f - 23 + 103. Let x = 159 - f. Is x composite?
True
Let w be (-3)/(-4)*4*1. Suppose -3*g + 0*f - 4*f + 127 = 0, -5*f + 131 = w*g. Is g prime?
True
Suppose -2*z - p - 3336 = 0, -p + 2 = 4. Let f = 2858 + z. Is f prime?
False
Suppose f - 8244 = -w - 2*w, -w + 2734 = 5*f. Is w a composite number?
False
Let x(k) = k**3 - 3*k**2 - 5*k + 6. Let m = 2 + 2. Let f be x(m). Is (1 - -224) + -4 + f a composite number?
False
Let a(h) = -49*h**3 + 4*h**2 - h - 1. Is a(-3) a prime number?
True
Let w(l) = -l**3 - 3*l**2 + 5*l + 4. Let d be w(-4). Let n = 1 - d. Let g(k) = 88*k**3 + k. Is g(n) composite?
False
Suppose v - 643 = 1576. Is v composite?
True
Let a = 23257 + -14324. Let y = a - 5100. Is y composite?
False
Let n(f) = -7*f**3 + 2*f**2 - 5*f - 1. Suppose -9*u = -4*u - 10. Suppose 3*m + u*q + 24 = -q, -2*m = -2*q. Is n(m) prime?
True
Let n(u) = -5*u**3 - 31*u**2 + 9*u - 32. Is n(-19) a composite number?
False
Let z be (-1066)/(4/16*-2). Suppose b = -4*f + 6361, -2*f + 1053 = -b - z. Is f prime?
False
Let w = -1083 + 1884. Let v = 1189 - w. Suppose 0 = -7*b + 3*b + v. Is b a prime number?
True
Let w be (-103122)/42 - 6/(-21). Let r = -1448 - w. Is r prime?
False
Let b(r) = 537*r**2 - 34*r + 5. Is b(-6) a composite number?
False
Is ((-1114)/6)/((-15)/45) prime?
True
Let j be ((-15)/(-10) + -4)*-4. Suppose -j*p + 3371 = -3639. Is p a prime number?
True
Let m = -18 - -20. Let w = m - 10. Let a = 29 - w. Is a prime?
True
Suppose -4*l = -2*l + 32. Let o = 49 + l. Suppose 0 = -3*h - u + 440, -8 = 5*u - o. Is h a prime number?
False
Suppose -7*v + 110 + 2 = 0. Suppose -5*k + k + v = 4*n, -3*k = -3*n. Is (-26486)/(-57)*3/k a prime number?
False
Let w(d) = -2*d**3 - 96*d**2 + 49*d - 57. Is w(-50) a prime number?
False
Let o = -4344 + 22967. Is o composite?
True
Suppose 189*t - 187*t + 4*c = 27114, 0 = -3*t - 2*c + 40691. Is t a prime number?
True
Suppose s + 19 = 5*m, 2*s - s = -3*m + 5. Suppose m*y + 954 = 5*y. Suppose 3*z - 3*j = -4*j + y, 0 = -4*j. Is z composite?
True
Let h be (-2 - -2)/(-4 + 5) - 1569. Let b = -938 - h. Is b composite?
False
Suppose 0 = 5*u - 20, -2*u + 8 = -3*y - 0*u. Suppose -2*f + 3*x = -1385, f + y*f - 5*x = 689. Is f composite?
True
Suppose -5*k = 3*f - 5797, 3*f + 0*k - 5806 = 4*k. Suppose f = q + q. Is q a composite number?
False
Let n(d) be the second derivative of 0 - d + 0*d**2 + 59/12*d**4 - 1/6*d**3. Is n(1) a composite number?
True
Suppose 10*g - 6666 = 9*g. Suppose -g - 6340 = -2*f. Is f composite?
True
Suppose -7*h + 70 = 28. Suppose 5*o = h*o - 464. Suppose -12 = 4*z - o. Is z composite?
False
Let d(o) = 1080*o - 601. Is d(14) a prime number?
True
Is ((-2)/(-4) - (-2449989)/(-102))/(-1) a composite number?
False
Let a(h) = -1156*h + 661*h - 4 - 752*h. Is a(-1) composite?
True
Suppose 17017 = -3*w + 5*w - 5*c, -5*w + 2*c + 42511 = 0. Is w composite?
False
Let m = 22 - 18. Suppose -101 = -3*s - p + 1520, m*s = -p + 2162. Is s prime